 44*v**3 - 9*v**2 - 37*v + 82. Calculate m(2).
324
Let k(h) = h**2 - 2861*h + 129565. Calculate k(46).
75
Let v(d) = 244*d - 9847. Give v(49).
2109
Let u(g) = 3*g**2 + 1663*g + 68672. What is u(-45)?
-88
Let j(y) = 449*y + 54376. Determine j(-121).
47
Let t(n) = -6*n**2 - 295*n - 5219. What is t(-17)?
-1938
Let m(k) = 25117*k + 376739. Calculate m(-15).
-16
Let o(w) = 1025*w - 3008. Calculate o(2).
-958
Let i(o) = 22*o**3 - 3*o**2 - 40*o + 50. Give i(1).
29
Let b(a) = 3*a**3 + 552*a**2 + 3233*a + 28. What is b(-6)?
-146
Let u(k) = -2*k**3 - 329*k**2 + 1525*k + 752. What is u(-169)?
76
Let z(m) = -8*m**3 + 21*m**2 - 301*m + 579. Determine z(2).
-3
Let l(i) = i**3 + 48*i**2 - 1615*i + 1659. Determine l(22).
9
Let p(w) = -w**2 + 12*w + 25. Calculate p(15).
-20
Let u(p) = 264*p**2 + 59*p - 59. Give u(1).
264
Let d(q) = 3*q**3 + 4*q**2 + 1450*q + 2903. Determine d(-2).
-5
Let w(m) = -1350*m + 91799. Calculate w(68).
-1
Let m(b) = 62*b**2 + 14557*b - 17700. Give m(-236).
0
Let k(b) = 59*b + 959. What is k(-12)?
251
Let o(n) = -61*n**2 - 3419*n - 157. Determine o(-56).
11
Let p(w) = -91*w**2 + 1534*w + 269. Give p(17).
48
Let l(z) = 6*z**2 - 865*z + 18257. What is l(22)?
2131
Let s(k) = -1000*k + 12269. Determine s(13).
-731
Let z(r) = 2720*r + 32762. What is z(-12)?
122
Let t(j) = -5879*j**2 - 29418*j + 3. What is t(-5)?
118
Let x(l) = -482*l**2 + 94967*l - 2584. Calculate x(197).
-23
Let d(s) = 131*s - 9127. Give d(66).
-481
Let g(j) = 3*j**2 - 71*j + 353. Determine g(17).
13
Let r(q) = -q**2 + 267*q - 3453. What is r(253)?
89
Let c(m) = -14614*m - 277730. Determine c(-19).
-64
Let g(k) = -7*k**2 - 755*k - 6574. Give g(-98).
188
Let z(w) = 44494*w + 311463. What is z(-7)?
5
Let z(g) = 10*g**2 + 559*g - 31703. Calculate z(35).
112
Let k(i) = -i**2 + 175*i + 62331. Calculate k(-177).
27
Let j(l) = -l**3 - 3*l**2 + 66*l + 311. Calculate j(13).
-1535
Let d(g) = 2*g**2 + 541*g - 33541. Determine d(52).
-1
Let b(i) = -i**3 - 5*i**2 - 28556*i - 85647. What is b(-3)?
3
Let b(z) = z**3 - 57*z**2 + 74*z + 135. Give b(55).
-1845
Let r(t) = -13*t + 1475. What is r(54)?
773
Let o(m) = -7*m**2 - 335*m + 6471. Determine o(21).
-3651
Let h(m) = 1293*m - 8370. Determine h(6).
-612
Let d(c) = 26392*c - 1504346. Determine d(57).
-2
Let a(w) = 8895*w - 88828. Determine a(10).
122
Let p(x) = 11*x**2 - 914*x + 11278. Calculate p(68).
-10
Let w(x) = -699*x**2 - 2203*x + 2201. What is w(1)?
-701
Let c(p) = p**3 - 10*p**2 - 155*p + 1167. Give c(9).
-309
Let x(m) = -3*m**3 - 28*m**2 - 628*m - 3782. Determine x(-6).
-374
Let b(x) = 215*x**3 + 1291*x**2 + 5244*x + 31427. Calculate b(-6).
-1
Let i(q) = 47*q**3 + 22*q**2 + 35*q + 75. Determine i(-2).
-283
Let s(f) = 3*f**3 + 98*f**2 - 444*f + 1406. Calculate s(-37).
37
Let n(z) = z**2 - 124*z - 12534. What is n(190)?
6
Let r(t) = 1218*t - 4258. Determine r(5).
1832
Let m(b) = 487*b - 55464. Determine m(114).
54
Let z(s) = -138*s**3 + 399*s**2 + 62*s - 154. Determine z(3).
-103
Let z(p) = 2*p**2 + 307*p + 6877. Give z(-27).
46
Let y(l) = -l**2 + 132308*l - 37. Give y(0).
-37
Let u(m) = 46*m**3 - m**2 + 2156*m + 4323. Determine u(-2).
-361
Let a(u) = -7*u**2 + 316*u + 5169. Determine a(-17).
-2226
Let n(v) = -955*v - 97466. Determine n(-102).
-56
Let y(c) = c**3 - 478*c**2 + 21777*c + 712. Determine y(427).
712
Let h(c) = 20*c**2 - 536*c - 2152. Determine h(-4).
312
Let b(r) = -2*r**3 - 56*r**2 - 16*r + 66. Calculate b(-29).
2212
Let i(z) = 2289*z - 23534. Determine i(10).
-644
Let j(v) = 4*v**3 + 91*v**2 + 84*v + 91. Calculate j(-22).
-305
Let q(s) = 132*s**3 - 25*s**2 + 74*s - 10. Calculate q(2).
1094
Let u(l) = -32516*l - 32496. What is u(-1)?
20
Let t(r) = 10050*r + 60208. Determine t(-6).
-92
Let v(l) = -13*l**3 + 61*l**2 + 5*l - 36. Determine v(5).
-111
Let z(g) = 3*g**2 + 159*g + 499. Calculate z(-52).
343
Let m(t) = 3103*t + 22812. Determine m(-8).
-2012
Let r(l) = 2369*l - 21383. Give r(9).
-62
Let k(d) = -8*d**2 + 96*d + 520. Give k(20).
-760
Let y(i) = -44*i**2 - 538*i + 474. Determine y(-13).
32
Let w(m) = 5*m**2 + 107*m - 415. Give w(-24).
-103
Let b(g) = -25328*g + 430544. Calculate b(17).
-32
Let v(z) = -z**3 + 2*z**2 + 41*z + 71. Give v(-6).
113
Let k(h) = 42*h**2 - 277*h - 929. What is k(9)?
-20
Let m(f) = 2*f**2 + 5112*f - 223476. Give m(43).
38
Let f(n) = 17*n**3 + 19*n**2 + 860*n - 1808. What is f(2)?
124
Let t(k) = -5*k**2 - 1458*k - 11598. Determine t(-8).
-254
Let v(s) = -4*s**3 + 132*s**2 + 13*s - 24. Calculate v(33).
405
Let y(d) = -280*d**2 + 10144*d - 2300. Calculate y(36).
4
Let k(i) = 9*i**2 + 2518*i + 2003. What is k(-279)?
50
Let y(t) = 30181*t - 3863121. Give y(128).
47
Let p(w) = -14392*w - 71954. Determine p(-5).
6
Let f(l) = -16763*l + 16766. Determine f(1).
3
Let q(a) = -20*a + 591. What is q(13)?
331
Let n(q) = q**3 + 86*q**2 - 206*q - 2653. Determine n(-88).
-13
Let f(z) = -3*z**2 + 10077*z - 30212. What is f(3)?
-8
Let w(i) = -i**2 + 738*i - 78561. Give w(129).
0
Let d(u) = 12*u**2 + 344*u + 2071. Calculate d(-8).
87
Let r(b) = 15*b**3 + 12*b**2 - 48*b + 1. Determine r(-4).
-575
Let c(x) = -25014*x - 775451. Calculate c(-31).
-17
Let n(u) = 6*u**3 + 548*u**2 - 3301*u - 185. Determine n(-97).
106
Let v(c) = 7*c**2 - 130*c + 1660. Determine v(20).
1860
Let f(j) = -2*j**2 + 1684*j + 143514. Determine f(-78).
-6
Let d(p) = -1166*p**2 - 20952*p - 4. What is d(-18)?
-652
Let t(l) = 28*l**2 - 2730*l - 10135. What is t(101)?
-237
Let t(n) = n**2 + 42*n - 6953. Determine t(-107).
2
Let s(q) = 182*q + 46244. What is s(-254)?
16
Let l(c) = -c**3 + 104*c**2 - 1010*c - 1152. Give l(93).
57
Let l(f) = -639*f + 3514. Calculate l(5).
319
Let t(b) = -121*b + 13290. Calculate t(115).
-625
Let k(h) = 3*h**3 - 293*h**2 - 23965*h - 481. Calculate k(-53).
-4
Let t(a) = a**2 + 294*a + 15755. Determine t(-71).
-78
Let o(v) = 236*v + 5430. Determine o(-20).
710
Let f(x) = -9*x**3 + 23*x**2 - 46*x - 4. Give f(4).
-396
Let k(i) = -9*i**2 - 658*i - 6930. What is k(-60)?
150
Let x(g) = -547*g**2 + 4934*g - 127. Determine x(9).
-28
Let v(r) = -9*r**3 + 69*r**2 - 89*r - 94. Give v(2).
-68
Let p(a) = 78645*a - 235941. What is p(3)?
-6
Let n(t) = 3*t**3 - 181*t**2 - 16905*t + 987445. Determine n(56).
-3
Let u(n) = -n**2 + 12910*n - 77475. What is u(6)?
-51
Let y(v) = -4248*v - 964289. Give y(-227).
7
Let j(v) = -v**3 - 117*v**2 - 473*v + 9987. Calculate j(-112).
243
Let o(w) = -96*w + 1248. Give o(13).
0
Let n(z) = 27467*z - 302134. Calculate n(11).
3
Let b(q) = q**3 - 68*q**2 + 138*q - 997. Calculate b(66).
-601
Let n(x) = 5*x**3 + 78*x**2 - 22002*x - 126. What is n(59)?
169
Let m(u) = -1375*u - 1287. What is m(-1)?
88
Let i(h) = -h**3 - 121*h**2 + 838*h - 454. Give i(6).
2
Let x(v) = 1898*v - 28426. Determine x(15).
44
Let k(y) = -2733*y - 1743687. Give k(-638).
-33
Let p(n) = -3*n**3 + 25*n**2 + 531*n - 3432. Calculate p(6).
6
Let j(p) = -4*p**2 + 634*p - 11573. Give j(21).
-23
Let o(g) = -7*g**2 - 3239*g - 3240. What is o(-1)?
-8
Let b(g) = 3*g**3 - 204*g**2 + 199*g + 143. Calculate b(67).
9
Let z(k) = -5945*k**3 - 2*k**2 + 108*k - 108. Determine z(1).
-5947
Let a(i) = 7713*i**2 + 370216*i - 378. Calculate a(-48).
6
Let t(z) = -2748*z - 188. Give t(0).
-188
Let j(l) = 54*l + 2506. Determine j(-31).
832
Let r(i) = -37*i**3 - 63*i**2 - 165*i - 35. Determine r(-3).
892
Let d(y) = -2984*y**2 + 11950*y - 62. Calculate d(4).
-6
Let g(v) = -6733*v + 74330. Calculate g(11).
267
Let p(c) = c**2 + 33*c - 974. Give p(18).
-56
Let s(g) = -1619*g + 328650. Determine s(203).
-7
Let t(w) = w**3 + w**2 - 1173*w - 6031. Give t(-5).
-266
Let i(b) = -3*b**3 + 35*b**2 - 73*b + 27. Determine i(10).
-203
Let p(o) = -138*o + 6695. Calculate p(35).
1865
Let y(z) = -823*z + 1241. Calculate y(2).
-405
Let q(j) = j**3 + 32*j**2 + 245*j + 17. Determine q(-13).
43
Let b(s) = 625*s - 4156. What is b(9)?
1469
Let s(l) = 23*l**2 + 179*l + 2. Calculate s(-9).
254
Let g(w) = 28*w + 791. Calculate g(-21).
203
Let r(z) = -46193*z**2 - 87. Calculate r(0).
-87
Let c(q) = -2*q**3 + 1260*q**2 - 22033*q + 677. Give c(612).
65
Let h(t) = -480*t + 4662. Calculate h(10).
-138
Let p(f) = 2*f**3 + 175*f**2 + 427*f + 278. Determine p(-85).
108
Let q(v) = v**2 - 827*v + 40265. Calculate q(52).
-35
Let a(u) = 80*u**3 + 13*u**2 + 20*u - 19. Give a(1).
94
Let n(x) 